 13355033 a prime number?
False
Is 629054735 a prime number?
False
Is 1754157 a prime number?
False
Is 6445483 prime?
False
Is 25256531 composite?
True
Is 21263329 a prime number?
False
Is 201659441 composite?
False
Is 4398811 a prime number?
True
Is 689693 composite?
False
Is 667727 a prime number?
True
Is 374706743 composite?
True
Is 4955851 a prime number?
True
Is 1343873 composite?
False
Is 494482733 prime?
False
Is 52490215 a prime number?
False
Is 31736281 a composite number?
True
Is 25426841 a prime number?
False
Is 226239883 prime?
True
Is 1492741 composite?
True
Is 15186071 a prime number?
False
Is 308553109 a composite number?
False
Is 25417039 a prime number?
False
Is 6370739 composite?
False
Is 61352789 a composite number?
True
Is 305029679 a prime number?
True
Is 6184963 a composite number?
False
Is 123835121 prime?
True
Is 1503781 composite?
False
Is 103805597 composite?
True
Is 27736171 a prime number?
True
Is 31793 a composite number?
False
Is 8229073 composite?
False
Is 4491043 prime?
False
Is 35350067 prime?
True
Is 5777913 prime?
False
Is 7299769 a prime number?
True
Is 109204657 a composite number?
True
Is 31172417 prime?
False
Is 883988981 composite?
True
Is 53144782 a composite number?
True
Is 19648957 a composite number?
True
Is 341462893 a composite number?
False
Is 2215549 composite?
True
Is 54139258 composite?
True
Is 23525653 composite?
True
Is 548789 composite?
True
Is 20385101 composite?
True
Is 15359989 a composite number?
True
Is 45557 composite?
False
Is 59507 a prime number?
False
Is 3975151 a composite number?
False
Is 305273629 a composite number?
False
Is 371429987 prime?
True
Is 796291 a composite number?
False
Is 71679593 composite?
True
Is 164478389 composite?
False
Is 3937643 a composite number?
False
Is 1567849 prime?
False
Is 172504011 a prime number?
False
Is 1179573 prime?
False
Is 130088711 a composite number?
False
Is 25579417 prime?
False
Is 86166869 composite?
False
Is 2083643 a composite number?
False
Is 46687547 prime?
True
Is 355403239 a prime number?
True
Is 7507681 composite?
True
Is 114951 a prime number?
False
Is 169823 prime?
True
Is 4373641 composite?
True
Is 620831209 prime?
False
Is 73775591 a prime number?
True
Is 352582999 a composite number?
False
Is 2370493 prime?
False
Is 771695 a prime number?
False
Is 1948069 prime?
True
Is 184634621 composite?
True
Is 4555669 prime?
False
Is 395154959 prime?
False
Is 707816827 prime?
True
Is 148010441 a prime number?
True
Is 19236601 composite?
False
Is 5796719 composite?
True
Is 461426623 prime?
False
Is 90422341 prime?
True
Is 91148231 a composite number?
False
Is 4614031 a composite number?
False
Is 21165479 composite?
False
Is 116757091 prime?
False
Is 71222519 composite?
False
Is 3720611 a composite number?
True
Is 6451013 a prime number?
False
Is 14945369 prime?
True
Is 1612393 composite?
False
Is 14793881 composite?
False
Is 3893477 composite?
True
Is 9485207 prime?
True
Is 4339691 a prime number?
False
Is 587895223 a prime number?
False
Is 511367291 a composite number?
False
Is 117740171 prime?
False
Is 24283201 a composite number?
True
Is 2197157 composite?
False
Is 56861309 a composite number?
True
Is 704455 a composite number?
True
Is 277993 prime?
True
Is 81029033 a composite number?
True
Is 147472621 a prime number?
False
Is 1935421 composite?
True
Is 7708777 composite?
False
Is 21880597 prime?
False
Is 27055591 a prime number?
False
Is 5379961 a composite number?
True
Is 7445159 a prime number?
True
Is 43967879 a prime number?
False
Is 4273463 prime?
False
Is 34032003 a composite number?
True
Is 2748205 a composite number?
True
Is 150428447 composite?
True
Is 1547003987 a prime number?
True
Is 808661 a prime number?
False
Is 1355203 prime?
False
Is 6583433 a composite number?
False
Is 132450527 a composite number?
True
Is 83851 composite?
True
Is 5757523 composite?
False
Is 426599 a composite number?
True
Is 2788199 prime?
True
Is 270168089 composite?
True
Is 758873501 composite?
True
Is 148768571 composite?
True
Is 521395807 a prime number?
True
Is 300244262 a prime number?
False
Is 11772029 a composite number?
False
Is 20259469 a prime number?
False
Is 347090627 a composite number?
True
Is 3210551 a composite number?
False
Is 7304666 prime?
False
Is 95586503 composite?
True
Is 20240531 prime?
True
Is 3408917 a prime number?
True
Is 15908071 composite?
True
Is 2279945 prime?
False
Is 46308979 composite?
True
Is 343165469 a prime number?
False
Is 40676817 composite?
True
Is 257633 a composite number?
True
Is 38528573 a prime number?
True
Is 41909 composite?
True
Is 18119053 composite?
True
Is 11755589 a prime number?
True
Is 14967287 prime?
False
Is 263461447 prime?
True
Is 1478389 a prime number?
False
Is 327111 a composite number?
True
Is 111187 composite?
False
Is 3117923 a composite number?
False
Is 70281979 composite?
True
Is 3587537 a composite number?
True
Is 3502943 prime?
True
Is 5736149 prime?
True
Is 8366899 composite?
True
Is 28297237 a prime number?
True
Is 14481277 prime?
True
Is 32118217 a composite number?
True
Is 3949793 composite?
False
Is 12328423 a prime number?
False
Is 7414507 a composite number?
True
Is 867023 prime?
True
Is 3878951 composite?
True
Is 19623101 prime?
False
Is 408437807 prime?
False
Is 135018739 prime?
True
Is 102115298 a prime number?
False
Is 538199 composite?
False
Is 28330099 a prime number?
False
Is 14153723 prime?
True
Is 60821791 a composite number?
True
Is 146169437 a prime number?
True
Is 34598389 a prime number?
False
Is 404133983 a prime number?
False
Is 73510763 composite?
False
Is 554569 composite?
False
Is 102580421 composite?
True
Is 107858746 a prime number?
False
Is 1280737 prime?
True
Is 60064469 prime?
True
Is 1822049 prime?
False
Is 20125723 a composite number?
False
Is 4913677 prime?
True
Is 3569171 a composite number?
True
Is 49495027 a composite number?
False
Is 295313 a prime number?
True
Is 8274049 a composite number?
True
Is 1749107 a composite number?
False
Is 1656749 composite?
True
Is 1256573 a prime number?
True
Is 3950251 a prime number?
False
Is 4175983 a prime number?
False
Is 7859953 a composite number?
True
Is 200898053 a composite number?
False
Is 479701 prime?
True
Is 1225274 prime?
False
Is 18080203 prime?
True
Is 1722947 a prime number?
False
Is 266969053 composite?
True
Is 785860949 composite?
False
Is 6371479 composite?
True
Is 3040153 a composite number?
False
Is 1756259 a composite number?
False
Is 1656679 composite?
False
Is 104186571 prime?
False
Is 829613 a composite number?
False
Is 1153209 a prime number?
False
Is 3387929 prime?
False
Is 375893261 prime?
True
Is 2509037 a composite number?
False
Is 65671013 a composite number?
False
Is 43801 composite?
False
Is 635791 composite?
True
Is 151384819 a prime number?
True
Is 54708281 composite?
True
Is 17365847 a composite number?
False
Is 24148903 a composite number?
False
Is 806447 composite?
False
Is 78106267 a prime number?
False
Is 824269 prime?
True
Is 7817681 composite?
False
Is 293413 prime?
True
Is 13591887 prime?
False
Is 54873857 composite?
False
Is 58785161 a prime number?
False
Is 13887631 prime?
False
Is 297527 composite?
True
Is 9864833 a prime number?
False
Is 81598501 a composite number?
False
Is 111678581 prime?
False
Is 108755 composite?
True
Is 153551779 a prime number?
False
Is 31334071 prime?
False
Is 146899343 a prime number?
True
Is 55024939 a prime number?
True
Is 4336859 prime?
True
Is 307049 prime?
False
Is 5117537 prime?
False
Is 7800563 a prime number?
False
Is 3641777 composite?
False
Is 25990737 composite?
True
Is 50809999 a prime number?
True
Is 13819 a composite number?
True
Is 990343 composite?
True
Is 10421641 composite?
True
Is 812671891 prime?
True
Is 668666431 prime?
False
Is 2036831 a composite number?
False
Is 15772213 a composite number?
True
Is 3143027 a composite number?
False
Is 2857601 composite?
True
Is 1554621 prime?
False
Is 273043 a prime number?
True
Is 38283809 composite?
True
Is 44026129 prime?
False
Is 7705003 composite?
False
Is 3535877 prime?
True
Is 283018 composite?
True
Is 26409907 a prime number?
True
Is 228830366 composite?
True
Is 12549547 prime?
False
Is 2515389 a composite number?
True
Is 2299823 composite?
False
Is 457109 a composit